he prime factors of y(8).
2
Let u = -38 - -28. Let p(m) = -7*m. List the prime factors of p(u).
2, 5, 7
Let i(p) = -p**2 - 7*p + 2. Let v be i(-6). Suppose -v*z + 9*z = 132. List the prime factors of z.
2, 3, 11
Suppose 3*u + 5*x - 994 = 0, -3*x = 5*u - u - 1318. List the prime factors of u.
2, 41
Suppose 6*t = t + 30. Suppose h - t*h = -385. Suppose -3*a - 2*y = -h, 2*a - 3*a = 2*y - 23. List the prime factors of a.
3
Let k(v) = -4*v**3 - 8*v**2 - 3*v - 14. Let g be k(-6). Suppose 29*z - g = 25*z. What are the prime factors of z?
5, 29
Let i(v) = -v**3 + 9 - 16*v**2 + v + 5*v**2 + 14 - 7. Let t = -10 + -1. What are the prime factors of i(t)?
5
Let i(o) = -o**3 - 5*o**2 - 4*o + 4. Let a be i(-4). Suppose a*l - 18 = 7*l. Let c(g) = -7*g - 9. List the prime factors of c(l).
3, 11
What are the prime factors of 80/60 + (-6)/(-9)?
2
Let b = 4165 - 924. List the prime factors of b.
7, 463
Let w be 4/6 - ((-16)/12 - 1). What are the prime factors of (0 - -1 - w) + 98?
2, 3
Suppose 6*j - 4231 = -3*v + 34451, 2*v - 4 = 0. What are the prime factors of j?
2, 11, 293
Suppose t + 4*m - 2197 = -2*t, 3*m = -3*t + 2196. What are the prime factors of t?
17, 43
Suppose 6*a + 7*a = 13858. What are the prime factors of a?
2, 13, 41
Let x = 531 - 427. What are the prime factors of x?
2, 13
Suppose 4*q - 537 = -81. What are the prime factors of 2/2*-3 + q/2?
2, 3
Let c(y) be the second derivative of y**4/3 + y**3/3 + 5*y**2/2 - 4*y. Let l be c(4). Let p = l + -50. List the prime factors of p.
3
Suppose -2*a - 5*t = 43, 0*t + 24 = -a - 3*t. Let i = a + 25. Let g = i - 5. What are the prime factors of g?
11
Let g = 7 - 2. Suppose 2*h = 6*h - 64. Let q = h - g. List the prime factors of q.
11
Suppose 3*a - 17 = -4*s, -5*a = -2 + 7. Suppose d = -5*q - 13, -q + 2*q = s*d - 65. What are the prime factors of d?
2, 3
Let u(h) = -h**3 - h + 1. Let z(f) = 2*f**3 + 3*f**2 + 9*f - 18. Let n(r) = -3*u(r) - z(r). List the prime factors of n(6).
3, 29
Let s be 2/(2/13*-1). Let g = s - -54. What are the prime factors of g?
41
Let k = 9 - 4. Suppose -w + 12*w - 44 = 0. Suppose -4*u = -w*d + 10 + 242, 0 = 4*d - k*u - 247. What are the prime factors of d?
2, 17
Let t be (12/5)/(5 - 2289/455). Let s = t + 217. List the prime factors of s.
139
Let o(j) = 119*j**2 - 2*j - 1. Let p be o(-1). Suppose p + 0 = -3*s. Let x = s + 67. What are the prime factors of x?
3
Let b(u) = u**2 - 3*u - 2. Let w be b(3). Let r = 0 - w. Suppose -4*i = 3*d - 63, -3*i + 32 = d + r*i. List the prime factors of d.
17
Suppose 0 = 3*w - 2*w - 4. Suppose -g + 48 = -w*l, -3*g + 122 + 97 = 3*l. List the prime factors of g.
2, 17
Let c(k) = -k**3 - 18*k**2 - 18*k - 12. Let r be c(-17). Suppose -r*f = -3*f - 320. Suppose 4*w = -t + 152, -f = -4*w + 2*t - t. List the prime factors of w.
3, 13
Let q be 9/2 + 9/(-6). Suppose 0 = -m - 5 - q. List the prime factors of 29 - (-5)/((-20)/m).
31
Let b = 12 + -8. Suppose 20 = 2*s - b*o, -5*o - 8 - 8 = 2*s. Suppose -4*p = -5*l + 54, -4*l - s*p = -5*p - 43. List the prime factors of l.
2, 5
Let c = -10 + -36. Let x = c - -59. What are the prime factors of x?
13
Suppose 2*t + 2*a - 3*a - 44 = 0, 0 = -2*t + 2*a + 48. Let n = t + -7. List the prime factors of n.
13
Let y = 62 + -62. List the prime factors of ((-18)/(-15) - y)/(10/850).
2, 3, 17
Let k = -241 + 504. Let b = k + -155. List the prime factors of b.
2, 3
Let u(o) = -o**2 - 13*o - 8. Let d be 2/(64/(-20) + 3). Let r be u(d). Suppose 3*b = 3*a - 4*a + r, -2*a = -b - 79. What are the prime factors of a?
37
What are the prime factors of (5 - 4)*16/(-40)*-5155?
2, 1031
Suppose -1718 = -m - 5*v, 6872 = 4*m + 3*v - 2*v. What are the prime factors of m?
2, 859
Let t(x) = 7*x + 19. Let l be t(-5). List the prime factors of -4 + (-88)/l - 626/(-4).
2, 79
Let v = 1611 + -1099. What are the prime factors of v?
2
Suppose 17*r - 3656 = 4249. List the prime factors of r.
3, 5, 31
Suppose 40*n - 118726 = 29554. What are the prime factors of n?
11, 337
List the prime factors of -21*(-50 - -1)*(-24)/(-72).
7
Suppose 8*t - 402 = 7*t - 2*a, -1174 = -3*t + 2*a. What are the prime factors of t?
2, 197
Let o = 13 - -22. Suppose -24*v + 2*v + 88 = 0. Suppose -a = -g - 6*a + v, -a = 2*g - o. What are the prime factors of g?
19
Let h(z) = -2*z + 8. Let f be h(7). What are the prime factors of (-7)/(3/f*2)?
7
Let d(f) = f**3 - 4*f**2 + 7*f + 12. Let z be d(6). Suppose -36 = 3*j - z. What are the prime factors of j?
2, 3, 5
Let m(w) = 2*w + 3*w - 56*w**3 - 3 + 64*w**3. Let c be m(3). List the prime factors of (12/(-9))/((-8)/c).
2, 19
Let k = -130 - -294. List the prime factors of k.
2, 41
Let v = 1106 + -534. What are the prime factors of v?
2, 11, 13
Suppose h + 1861 = 5*g, -5*g = -2*g + 2*h - 1114. Suppose -p + 3*p = g. List the prime factors of p.
2, 3, 31
Suppose 6*f - 37 = 23. Let t(w) = 5*w**2 + f*w - 3*w**2 - 3*w + w**3 + 7*w**2 + 20. List the prime factors of t(-8).
2, 7
Let q(g) = -3*g - 1. Let p = -1 + -1. Let h be q(p). Suppose 5*u - h*k - 310 = 0, 5*k = 2*u - 28 - 108. What are the prime factors of u?
2, 29
Suppose -3*s = -473 - 517. Suppose t = -2*t + s. What are the prime factors of t?
2, 5, 11
Let m(o) = 13 - 6*o + 3*o + 0*o. Let r = 174 + -174. What are the prime factors of m(r)?
13
Let c = 264 - -129. List the prime factors of c.
3, 131
Let u(i) = -i**3 + 15*i**2 - 12*i - 7. List the prime factors of u(9).
7, 53
Suppose 33 = 5*x + 2*i, -x - i - 1 = -10. Suppose 5*n + 276 = x*s - 329, 4*n - 596 = -5*s. List the prime factors of s.
2, 3, 5
Let t = -224 - -682. What are the prime factors of t?
2, 229
Let k(w) = -w**3 - 13*w**2 - w + 4. Let r be k(-13). Suppose -81 = -2*s - r. Let u = s + 1. What are the prime factors of u?
3, 11
Let z(a) = -a**3 + 5*a**2 - 5*a - 3. Let i be z(4). Let p = -2 - 47. Let m = i - p. What are the prime factors of m?
2, 3, 7
Suppose 0 = -15*t + 10*t + 100. Suppose 0 = -3*q + t + 16. List the prime factors of q.
2, 3
Suppose -1209 = -3*s - 3*a, 5*s - s + 5*a = 1607. Suppose 0*q + 3*q = s. What are the prime factors of q?
2, 17
Suppose 18*t - 2*b = 20*t - 5342, 0 = -2*t - 5*b + 5342. List the prime factors of t.
2671
Let k = 36 + 927. List the prime factors of k.
3, 107
Suppose -5*w - l + 3805 = -3*w, -4*w + 7604 = -4*l. List the prime factors of w.
2, 3, 317
Let j = 39 + -36. Suppose 0 = -j*l + 2*l + 59. List the prime factors of l.
59
What are the prime factors of (13/(65/15))/(6/2072)?
2, 7, 37
Suppose 5*r = 4*q - 220, -3*r - 30 - 82 = -2*q. What are the prime factors of q?
2, 5
Let x(j) = -j**2 - 5*j - 7. Let s be x(-5). Let k = 13 + s. Let a = k - -42. List the prime factors of a.
2, 3
Let z(l) = -l**3 + 5*l**2 - l - 2. Let w be z(2). Let d be (w/(-4) - -6) + -20. Let j(y) = y**2 + 15*y + 16. What are the prime factors of j(d)?
2
Let d(k) = 5*k**2 + 3*k**3 - 3*k**2 - 2 - 2*k**3 + k**2 - 12*k. Let w be d(-6). Let g = w - -107. What are the prime factors of g?
3, 23
Let a(r) = 52*r + 4. Let v be a(5). Suppose 3*i = -4*f + 412, -5*f + v = 5*i - 256. What are the prime factors of f?
2, 5
Let b(k) = 2*k**2 + 3*k - 6. Let l be b(2). List the prime factors of (-3)/(-12) - (-206)/l.
2, 13
Suppose -24*z - z + 10475 = 0. What are the prime factors of z?
419
Let x(r) = r**3 + 11*r**2 + 2*r - 4. Let s be (-2)/(((-8)/(-22))/2). Let v be x(s). What are the prime factors of (-1256)/(-52) + 4/v?
2, 3
Let o(j) = 35*j - 17. Let q(g) = -74*g + 40. Let d(p) = 15*p - 8. Let r(v) = 11*d(v) + 2*q(v). Let f(n) = 4*o(n) - 9*r(n). What are the prime factors of f(-2)?
2, 3, 5
Let w = 453 + 627. List the prime factors of w.
2, 3, 5
Suppose -10846 = -23*i + 14086. What are the prime factors of i?
2, 271
Suppose 856 = 4*d - 3*m, 14*m = -d + 11*m + 229. List the prime factors of d.
7, 31
Let a = 1086 - 366. What are the prime factors of a?
2, 3, 5
Let p(w) = -3*w**3 + w**2 + w + 2. Let c be p(-2). Let u = c - 4. Let v = u + -10. List the prime factors of v.
2, 7
Let s(n) be the second derivative of -n**5/20 + 3*n**4/4 - n**3/6 + 7*n**2/2 + 18*n. What are the prime factors of s(7)?
2, 7
Let k(x) be the first derivative of 2*x**2 - x - 9. Let f = 5 + -3. What are the prime factors of k(f)?
7
Suppose 0 = -16*f + 20*f + 520. Let h = -33 - f. List the prime factors of h.
97
Let h = 63 + -61. Suppose 4*d + 1 = 5, 3*m - h*d - 205 = 0.